+ j. List the prime factors of b.
13
Suppose 163*n - 161*n - 102 = 0. Let f be (-24)/(-10)*105/14. Suppose f + n = m. What are the prime factors of m?
3, 23
Let h = -99 + 101. Suppose 5*a = -h*p + 75, 70 = 2*p - 2*a + 6*a. List the prime factors of p.
5
Let i be (2 + (-1 - -3))*633/4. What are the prime factors of (-1 - -4)/(-9) + i/9?
2, 5, 7
Let g be 1 + -1 - (15 + -15). Suppose 2*z - 4*b + 7*b - 130 = g, -2*z + b = -138. What are the prime factors of z?
2, 17
Suppose 2*v + 5*y = 891, -456 - 855 = -3*v + y. List the prime factors of v.
2, 3, 73
Suppose -2148 = -2*x - 5*f + 418, 5*x - 6415 = 5*f. List the prime factors of x.
1283
Suppose 4*s = 3*g - 1, 2*s = -g + 3*g. List the prime factors of (1/(-2))/((-318)/316 - s).
79
Let v = 12 - 25. Let h = 15 + v. List the prime factors of -48*(h + (-35)/10).
2, 3
Let s(w) = 8*w**3 - 5*w**2 + 4*w - 9. What are the prime factors of s(4)?
439
Suppose -5*b - 3 = 4*a - 1, 0 = b - 4*a - 14. Suppose 116 = 8*h - 3*h - k, 3*h + b*k = 67. What are the prime factors of h?
23
Let d(g) = -g**2 + 7*g - 3. Let i be d(5). Let c = 6 + i. List the prime factors of c.
13
Let d(q) be the third derivative of q**5/20 - q**4/6 - q**3/6 - 11*q**2. What are the prime factors of d(8)?
3, 53
Let t(x) = -3*x + 10. Let w be t(4). Let a be (w/(-4))/((-1)/222). Let p = -68 - a. List the prime factors of p.
43
Suppose -i = 6*z - 2*z - 24, 16 = 4*i. Suppose -l - 4*x + z*x + 6 = 0, 32 = 5*l - 3*x. List the prime factors of l.
7
Let c(m) = m + 15. Let r be c(-10). Suppose -2*d = 3*d + r*s + 75, 4*d + 52 = -2*s. What are the prime factors of 2160/99 - 2/d?
2, 11
Suppose 207 = 4*f + 5*f. Suppose 2*l + 4*w + 19 = -5, -3*l + 5*w = 69. Let z = l + f. What are the prime factors of z?
5
Let n = 26 + -22. Suppose -n*w + 7 + 9 = 0. Suppose 6 + w = 5*d. List the prime factors of d.
2
Let l = 1543 + -613. List the prime factors of l.
2, 3, 5, 31
Let y(s) be the second derivative of 7*s**4/12 + s**3 + 8*s. What are the prime factors of y(3)?
3
Suppose 40*r = 63*r - 26864. What are the prime factors of r?
2, 73
Let a be (-4)/(-12) + 17/3. Suppose -a*d = d - 252. What are the prime factors of d?
2, 3
Suppose 0*y + 12 = -4*y + 2*v, 0 = v - 2. Let p be -3 + y*3/6. List the prime factors of 38/4 + 2/p.
3
Suppose -53 - 65 = -2*l. Suppose -2*y + 3*r - l = -3*y, 5*y + 5*r - 305 = 0. List the prime factors of y.
2, 31
Let u be (-5)/(-40)*1502 + (-1)/(-4). Suppose -193 = -m + 3*r, 0*r + u = m + 2*r. List the prime factors of m.
2, 5, 19
Let s(a) = 8*a**2 + 19*a - 23. What are the prime factors of s(7)?
2, 251
Suppose -4*j = -s + 5, -j - 5*s + 18 = -7. Suppose -4*o + 22 = -j*i + 2*i, -o + 5*i = 11. Suppose -89 = -o*p + 151. What are the prime factors of p?
2, 3, 5
Let v(l) = l**3 + 21*l**2 + 16*l + 3. What are the prime factors of v(-15)?
3, 7, 53
Let o(w) = -18*w**3 + 2*w**2 + 3*w + 8. What are the prime factors of o(-3)?
503
Let p(l) = -19*l**3 - 12*l**2 - 4*l + 2. List the prime factors of p(-6).
2, 43
Suppose -5*l + 938 = -2*u, -l + 191 = -0*l + 3*u. Let i = l - -75. What are the prime factors of i?
263
Let u = 320 - -288. What are the prime factors of u?
2, 19
Let h = -1 + 3. Suppose 2*g - 10 = h*l, -2*g + 3 = -l - 2. Suppose i - 19 = -4*a, 2*a = 2*i - g*a - 18. What are the prime factors of i?
11
Suppose 6*z - 872 = 2002. List the prime factors of z.
479
Let s(b) = 21*b**2 + 2*b - 7. Let j be s(-3). Let i = j - -88. Suppose -3*w + 198 = -a, -2*w - 2*w + i = -5*a. List the prime factors of w.
2, 3, 11
List the prime factors of 37870/63 + 1/27*-3.
601
Suppose 0 = -3*j + 2*s + 16, 0 = 5*j + s - 3*s - 20. Suppose -k = -2*c - 2*c + 287, j*c + k - 151 = 0. What are the prime factors of c?
73
Let q = -89 + 107. List the prime factors of q.
2, 3
Let k(z) = 6*z**2 - z + 3. Let f be 1/(-1) + -2 + -1. List the prime factors of k(f).
103
Suppose 212 = -3*v - 2*d + 1027, 4*v - 5*d - 1125 = 0. Suppose v = 4*c - 65. What are the prime factors of c?
5, 17
Let x be (-1)/2*(246/1)/3. Let l = 207 + x. What are the prime factors of l?
2, 83
Let r(y) = y**3 - y**2 + 2*y + 260. Let p be r(0). Suppose 58*k = 53*k + p. What are the prime factors of k?
2, 13
Let u be (2/(-2) - -11) + 1. Suppose -u*g + 15*g = -52. Let w = 10 - g. What are the prime factors of w?
23
Suppose 7*b = 16*b - 1980. What are the prime factors of b?
2, 5, 11
Suppose -5*a = 5*i + 75, -5*a - 5*i = -9*i + 30. What are the prime factors of 2/(a/55)*-3?
3, 11
Let g(v) = -v**2 + 3*v + 702. What are the prime factors of g(0)?
2, 3, 13
Suppose -4*f + 2*m = f - 14, -10 = 5*m. Suppose 4*d + f*p = 970, 3*d - 3*p + 1213 = 8*d. What are the prime factors of d?
2, 11
Suppose 0 = 37*x + 9*x - 51106. List the prime factors of x.
11, 101
Let p = 23 - 20. Suppose -p*a = -2*k + 121, 4*a - 3 = -7. List the prime factors of k.
59
Let p(g) = -g**3 + 4*g**2 + 7*g - 8. Suppose 2*k = q + 9, -k + 2*q + q = -12. Suppose k*r - 5 = 2*r. List the prime factors of p(r).
2
Let u = -84 + 594. List the prime factors of u.
2, 3, 5, 17
Let p = 4408 + -2551. What are the prime factors of p?
3, 619
Let l(k) = k**2 + 2*k - 6. Let r be l(-4). Suppose 2*o = -f + 5*o + 33, -3*f + 154 = r*o. List the prime factors of f.
2, 3
Suppose 5*h + 38 = 4*d, 3*h + 0*d + 16 = -d. Let z(b) = -b + 16. Let i(k) = -2*k + 32. Let l(u) = -6*i(u) + 13*z(u). What are the prime factors of l(h)?
2, 11
Suppose 0 = -15*a - 16*a + 14*a. Let z = -3 + 5. Suppose -3*k + 160 = 5*s - a*k, 0 = -3*s - z*k + 96. What are the prime factors of s?
2
Let d = 15 + -12. Suppose 0*v + v = d. List the prime factors of 12/3 - (v + -3).
2
Suppose 2*x = a + 89, 5*x + 3*a + 61 - 267 = 0. List the prime factors of x.
43
Let m be ((-6)/(-4))/((-2)/(-4)). Suppose -2*l - m*l = -d - 110, 3*l = 4*d + 49. Suppose -7 - l = -3*t. List the prime factors of t.
2, 5
Suppose 5*d = 3*k - 13, 4*d = -0*k + 3*k - 14. Let o(z) = -1 + 11*z**2 - z**2 - 3*z - 3*z**2 - 6*z**2. List the prime factors of o(k).
17
Let w(g) = -g + 5. Let v be w(7). Suppose 4*a + 4 = -5*b + 1, -3*b - 2*a = 1. What are the prime factors of (-16 + 3)/(v + b)?
13
Let n(k) be the third derivative of k**6/120 + k**5/12 + k**4/6 + k**3/2 - 6*k**2. Let i be n(-4). Suppose -36 = -i*w + 57. List the prime factors of w.
31
Let v(z) = -32*z + 2. Let u be 2/(0 - -2)*-1. Let j be v(u). Let o = j + -13. What are the prime factors of o?
3, 7
Suppose f + 0 = -4*j - 9, 4*f + 3*j - 3 = 0. Suppose -2*z + 210 = f*z. What are the prime factors of z?
2, 3, 7
Suppose -3 - 1 = -g. Let a(n) = n**3 - 5*n**2 + 5*n. Let l be a(g). Suppose 4*i = -l*i + 424. What are the prime factors of i?
53
Let u(q) = 111*q**2 + 9*q - 37. What are the prime factors of u(3)?
23, 43
Suppose a = -3 + 10. Let q = a + 60. List the prime factors of q.
67
What are the prime factors of (2 - -18)/(-5) - -877?
3, 97
Suppose 2744 - 8480 = -6*q. What are the prime factors of q?
2, 239
Let f(n) = -5*n - 5. Suppose -4*d + 35 = d. Let a = d + -13. List the prime factors of f(a).
5
Suppose -4*c + 1457 = 2*b - 689, -3*c - b + 1612 = 0. List the prime factors of c.
7, 11
Suppose 0*n = -d + 5*n - 19, -3*n - 3 = 0. Let y = d + 33. What are the prime factors of y?
3
Let c = -5130 - -3084. What are the prime factors of ((c/24)/(-11))/(1/36)?
3, 31
Suppose 0 = 5*c + 5*g - 7625, -2*g = -c + 2*g + 1520. What are the prime factors of c?
2, 3, 127
Suppose -1 = -k + 3. Let a(y) = 8*y - 7 - 9 + 21. What are the prime factors of a(k)?
37
Let k(i) = i + 77. Let v be k(0). Let r = 131 - v. List the prime factors of r.
2, 3
Let v(k) = -2*k**2 + 14*k + 1. Let h be v(8). What are the prime factors of (-64)/(-10) + 81/h + 5?
2, 3
Let i be 7 + -9 - (-5 - 1). Suppose -304 + i = -3*k. List the prime factors of k.
2, 5
Let d(j) = j**2 + j + 24. Let k be d(0). Let c = k - 21. Suppose c*u = 40 + 62. What are the prime factors of u?
2, 17
Let w(f) = 0 + 3 - 12 + 2*f + 5*f**3 + 5*f**2 - 4*f**3. Let a be w(-4). What are the prime factors of (2/a)/(2/(-33))?
3, 11
Let x = 38 + -38. Suppose -5*w - h + 51 = 0, 4*h - 4 = -x. What are the prime factors of w?
2, 5
Suppose 27*w - 164 = 25*w. List the prime factors of w.
2, 41
Suppose -22096 = -32*d + 76144. What are the prime factors of d?
2, 5, 307
Suppose -47 = -3*g + 4. Let b = 24 - g. List the prime factors of (b - 8/2) + 66.
3, 23
Suppose -2093 = -j - 22*j. List th